{"id":743,"date":"2023-07-27T21:53:13","date_gmt":"2023-07-27T19:53:13","guid":{"rendered":"https:\/\/premiumduft.com\/?post_type=product&#038;p=743"},"modified":"2023-07-27T23:01:56","modified_gmt":"2023-07-27T21:01:56","slug":"tag-her","status":"publish","type":"product","link":"https:\/\/premiumduft.com\/index.php\/produkt\/tag-her\/","title":{"rendered":"Armaf Tag Her Tester"},"content":{"rendered":"<div id=\"pd-description-wrapper\" class=\"sc-aohf13-14 sc-1eu1dd2-1 fpMnDJ hJioHz\">\n<div class=\"sc-1uodfit-0 kWmpmn\">\n<div id=\"pd-description-text\" class=\"sc-1eu1dd2-3 fsHaA-D\" data-testid=\"pd-description-text\">\n<p>St\u00fcrzen Sie sich in das st\u00e4dtische Abenteuer! Das faszinierende Eau de Parfum f\u00fcr Frauen Armaf Tag Her eignet sich perfekt f\u00fcr moderne, urbane Frauen von heute, die ihrer individuellen Pers\u00f6nlichkeit Ausdruck verleihen m\u00f6chten. Der orientalisch-blumige Duft weckt die Lust, Neues zu entdecken und Neues zu erfahren. Das Abenteuer beginnt vor der Haust\u00fcr!<\/p>\n<ul>\n<li>orientalisch-blumiger Duft voller Sinnlichkeit und Eleganz<\/li>\n<li>geeignet f\u00fcr die moderne und temperamentvolle Frau<\/li>\n<li>kann zu jeder Tages- und Jahreszeit getragen werden<\/li>\n<\/ul>\n<p><strong>Komposition des Duftes<\/strong><br \/>\nArmaf Tag Her lockt mit einer strahlenden Kopfnote aus spritziger Bergamotte, rosa Pfeffer und zarten Neroli-Bl\u00fcten. Im floralen Herzen entfaltet sich ein perfekt ausgewogenes Zusammenspiel aus bet\u00f6render Rose, zartem Jasmin, Orangebl\u00fcte, Gei\u00dfblatt und Iris.<\/p>\n<p>Die facettenreiche Basis aus Moschus, leckerem Karamell, Vanille und Ladanharz sorgt f\u00fcr eine verf\u00fchrerische und langanhaltende Abrundung.<\/p>\n<p><strong>Geschichte des Duftes<\/strong><br \/>\nEbenso wie der Flakon von Armaf Tag Him erinnert das kleine Duftfl\u00e4schchen von Tag Her an einen klassischen Flachmann. Diesmal wurde der Flakon von wei\u00dfem Leder ummantelt, das die feminine Sinnlichkeit des Duftes elegant widerspiegelt. Goldene Details verleihen der ganzen Optik einen Hauch Luxus und Hochwertigkeit. Ein Schmuckst\u00fcck f\u00fcr jedes Badezimmer!<\/p>\n<\/div>\n<\/div>\n<\/div>\n","protected":false},"excerpt":{"rendered":"<h1 class=\"sc-bcXHqe sc-3sotvb-1 eLmsJY cqhtUR\"><span class=\"sc-3sotvb-5 bBQCfG\">Eau de Parfum f\u00fcr Damen<\/span><\/h1>\n<h1 class=\"sc-bcXHqe sc-3sotvb-1 eLmsJY cqhtUR\">Armaf<\/h1>\n","protected":false},"featured_media":744,"comment_status":"open","ping_status":"closed","template":"","meta":[],"product_brand":[],"product_cat":[26,24],"product_tag":[],"class_list":{"0":"post-743","1":"product","2":"type-product","3":"status-publish","4":"has-post-thumbnail","6":"product_cat-armaf","7":"product_cat-damen-parfuem","9":"first","10":"instock","11":"taxable","12":"shipping-taxable","13":"purchasable","14":"product-type-variable"},"jetpack_sharing_enabled":true,"_links":{"self":[{"href":"https:\/\/premiumduft.com\/index.php\/wp-json\/wp\/v2\/product\/743","targetHints":{"allow":["GET"]}}],"collection":[{"href":"https:\/\/premiumduft.com\/index.php\/wp-json\/wp\/v2\/product"}],"about":[{"href":"https:\/\/premiumduft.com\/index.php\/wp-json\/wp\/v2\/types\/product"}],"replies":[{"embeddable":true,"href":"https:\/\/premiumduft.com\/index.php\/wp-json\/wp\/v2\/comments?post=743"}],"wp:featuredmedia":[{"embeddable":true,"href":"https:\/\/premiumduft.com\/index.php\/wp-json\/wp\/v2\/media\/744"}],"wp:attachment":[{"href":"https:\/\/premiumduft.com\/index.php\/wp-json\/wp\/v2\/media?parent=743"}],"wp:term":[{"taxonomy":"product_brand","embeddable":true,"href":"https:\/\/premiumduft.com\/index.php\/wp-json\/wp\/v2\/product_brand?post=743"},{"taxonomy":"product_cat","embeddable":true,"href":"https:\/\/premiumduft.com\/index.php\/wp-json\/wp\/v2\/product_cat?post=743"},{"taxonomy":"product_tag","embeddable":true,"href":"https:\/\/premiumduft.com\/index.php\/wp-json\/wp\/v2\/product_tag?post=743"}],"curies":[{"name":"wp","href":"https:\/\/api.w.org\/{rel}","templated":true}]}}