{"id":431,"date":"2023-07-26T16:23:36","date_gmt":"2023-07-26T14:23:36","guid":{"rendered":"https:\/\/premiumduft.com\/?post_type=product&#038;p=431"},"modified":"2023-07-27T19:52:33","modified_gmt":"2023-07-27T17:52:33","slug":"armaf-club-de-nuit-man","status":"publish","type":"product","link":"https:\/\/premiumduft.com\/index.php\/produkt\/armaf-club-de-nuit-man\/","title":{"rendered":"Armaf Club de Nuit Man Tester"},"content":{"rendered":"<div id=\"pd-description-wrapper\" class=\"sc-aohf13-14 sc-1eu1dd2-1 fpMnDJ hJioHz\">\n<div class=\"sc-1uodfit-0 kWmpmn\">\n<div id=\"pd-description-text\" class=\"sc-1eu1dd2-3 fsHaA-D\" data-testid=\"pd-description-text\">\n<p>Werfen Sie sich in Ihr bestes Outfit und st\u00fcrzen Sie sich hinein ins schillernde Nachtleben! Mit dem verf\u00fchrerischen Eau de Toilette f\u00fcr M\u00e4nner Armaf Club de Nuit Man geh\u00f6rt die Nacht Ihnen! Feiern Sie in legend\u00e4ren Clubs, genie\u00dfen Sie die Trendgetr\u00e4nke und erleben Sie unvergessliche Momente, an die Sie noch lange zur\u00fcckdenken werden!<\/p>\n<ul>\n<li>w\u00fcrzig-holziger Duft<\/li>\n<li>f\u00fcr M\u00e4nner mit einem Sinn f\u00fcr Stil<\/li>\n<li>zeitloser Duftklassiker f\u00fcr jede Jahreszeit<\/li>\n<\/ul>\n<p><strong>Komposition des Duftes<br \/>\n<\/strong>Club de Nuit er\u00f6ffnet mit einem erfrischenden Auftakt aus fruchtiger Mandarine, Grapefruit und einem Hauch frisch gepfl\u00fcckter Minze. Das kraftvolle Herz offenbart w\u00fcrzige Noten von w\u00e4rmendem Zimt, herrlichem Ingwer, Pfeffer und Nelke. F\u00fcr einen harmonischen Ausklang sorgen verf\u00fchrerische Essenzen aus Leder und Ambra, w\u00fcrzige Akkorde und sinnliche holzige Noten.<\/p>\n<p><strong>Geschichte des Duftes<br \/>\n<\/strong>Die Edelmarke Armaf startete als Hersteller von kunstvoll gestalteten Flakons f\u00fcr weltbekannte Parf\u00fcm-Marken. Im Jahr 2015 wurden die ersten Duftkreationen vorgestellt, die heute als Synonym f\u00fcr Luxus und Raffinesse gelten.<\/p>\n<p>Club de Nuit Man pr\u00e4sentiert sich in einem wundersch\u00f6nen, schlicht eleganten Flakon aus transparentem Glas, das einen Einblick auf das bernsteinfarbene Duftelixier gew\u00e4hrt. Interessante Details, wie der silberne Anh\u00e4nger oder die kleinen Swarovski-Kristalle, schm\u00fccken das kostbare Fl\u00e4schchen und verleihen ihm einen Hauch von Raffinesse.<\/p>\n<\/div>\n<\/div>\n<\/div>\n","protected":false},"excerpt":{"rendered":"<h1 class=\"sc-bcXHqe sc-3sotvb-1 eLmsJY cqhtUR\"><span class=\"sc-3sotvb-5 bBQCfG\">Eau de Toilette f\u00fcr Herren<\/span><\/h1>\n<h1 class=\"sc-bcXHqe sc-3sotvb-1 eLmsJY cqhtUR\">Armaf<\/h1>\n","protected":false},"featured_media":432,"comment_status":"open","ping_status":"closed","template":"","meta":[],"product_brand":[],"product_cat":[26,23],"product_tag":[],"class_list":{"0":"post-431","1":"product","2":"type-product","3":"status-publish","4":"has-post-thumbnail","6":"product_cat-armaf","7":"product_cat-herren-parfuem","9":"first","10":"instock","11":"taxable","12":"shipping-taxable","13":"purchasable","14":"product-type-variable"},"jetpack_sharing_enabled":true,"_links":{"self":[{"href":"https:\/\/premiumduft.com\/index.php\/wp-json\/wp\/v2\/product\/431","targetHints":{"allow":["GET"]}}],"collection":[{"href":"https:\/\/premiumduft.com\/index.php\/wp-json\/wp\/v2\/product"}],"about":[{"href":"https:\/\/premiumduft.com\/index.php\/wp-json\/wp\/v2\/types\/product"}],"replies":[{"embeddable":true,"href":"https:\/\/premiumduft.com\/index.php\/wp-json\/wp\/v2\/comments?post=431"}],"wp:featuredmedia":[{"embeddable":true,"href":"https:\/\/premiumduft.com\/index.php\/wp-json\/wp\/v2\/media\/432"}],"wp:attachment":[{"href":"https:\/\/premiumduft.com\/index.php\/wp-json\/wp\/v2\/media?parent=431"}],"wp:term":[{"taxonomy":"product_brand","embeddable":true,"href":"https:\/\/premiumduft.com\/index.php\/wp-json\/wp\/v2\/product_brand?post=431"},{"taxonomy":"product_cat","embeddable":true,"href":"https:\/\/premiumduft.com\/index.php\/wp-json\/wp\/v2\/product_cat?post=431"},{"taxonomy":"product_tag","embeddable":true,"href":"https:\/\/premiumduft.com\/index.php\/wp-json\/wp\/v2\/product_tag?post=431"}],"curies":[{"name":"wp","href":"https:\/\/api.w.org\/{rel}","templated":true}]}}